INSERT INTO ProcesoImportacion.PlantillaImportacion(id, nombre, enum) VALUES(7,'Facturación Detallada Día Total', 'FacturaDetalleDiaTotal');

INSERT INTO ProcesoImportacion.CampoPlantillaImportacion (id, idTipoCampoPlantilla, idPlantillaImportacion, nombre, obligatorio, valorDefecto, formatoCampo) 
VALUES(104, 5, 7, 'FECHA FACTURA', TRUE, NULL, 'Y-m-d');
INSERT INTO ProcesoImportacion.CampoPlantillaImportacion (id, idTipoCampoPlantilla, idPlantillaImportacion, nombre, obligatorio, valorDefecto, formatoCampo) 
VALUES(105, 6, 7, 'HORA FACTURA', FALSE, '00:00:00', 'H:i:s');
INSERT INTO ProcesoImportacion.CampoPlantillaImportacion (id, idTipoCampoPlantilla, idPlantillaImportacion, nombre, obligatorio, valorDefecto, formatoCampo) 
VALUES(106, 2, 7, 'NUMERO FACTURA', FALSE, NULL, NULL);
INSERT INTO ProcesoImportacion.CampoPlantillaImportacion (id, idTipoCampoPlantilla, idPlantillaImportacion, nombre, obligatorio, valorDefecto, formatoCampo) 
VALUES(107, 4, 7, 'SUB TOTAL', FALSE, '0', '$ n.nnn,dd');
INSERT INTO ProcesoImportacion.CampoPlantillaImportacion (id, idTipoCampoPlantilla, idPlantillaImportacion, nombre, obligatorio, valorDefecto, formatoCampo) 
VALUES(108, 4, 7, 'IMPUESTO', FALSE, '0', '$ n.nnn,dd');
INSERT INTO ProcesoImportacion.CampoPlantillaImportacion (id, idTipoCampoPlantilla, idPlantillaImportacion, nombre, obligatorio, valorDefecto, formatoCampo) 
VALUES(109, 4, 7, 'TOTAL', FALSE, '0', '$ n.nnn,dd');
INSERT INTO ProcesoImportacion.CampoPlantillaImportacion (id, idTipoCampoPlantilla, idPlantillaImportacion, nombre, obligatorio, valorDefecto, formatoCampo) 
VALUES(110, 1, 7, 'NOTA FACTURA', FALSE, '', NULL);
INSERT INTO ProcesoImportacion.CampoPlantillaImportacion (id, idTipoCampoPlantilla, idPlantillaImportacion, nombre, obligatorio, valorDefecto, formatoCampo) 
VALUES(111, 1, 7, 'DOCUMENTO CLIENTE', FALSE, NULL, NULL);
INSERT INTO ProcesoImportacion.CampoPlantillaImportacion (id, idTipoCampoPlantilla, idPlantillaImportacion, nombre, obligatorio, valorDefecto, formatoCampo) 
VALUES(112, 1, 7, 'NOMBRE CLIENTE', FALSE, NULL, NULL);
INSERT INTO ProcesoImportacion.CampoPlantillaImportacion (id, idTipoCampoPlantilla, idPlantillaImportacion, nombre, obligatorio, valorDefecto, formatoCampo) 
VALUES(113, 9, 7, 'EMAIL CLIENTE', FALSE, NULL, NULL);
INSERT INTO ProcesoImportacion.CampoPlantillaImportacion (id, idTipoCampoPlantilla, idPlantillaImportacion, nombre, obligatorio, valorDefecto, formatoCampo) 
VALUES(114, 1, 7, 'TELEFONO CLIENTE', FALSE, NULL, NULL);
INSERT INTO ProcesoImportacion.CampoPlantillaImportacion (id, idTipoCampoPlantilla, idPlantillaImportacion, nombre, obligatorio, valorDefecto, formatoCampo) 
VALUES(115, 4, 7, 'PAGO CLIENTE', TRUE, NULL, '$ n.nnn,dd');
INSERT INTO ProcesoImportacion.CampoPlantillaImportacion (id, idTipoCampoPlantilla, idPlantillaImportacion, nombre, obligatorio, valorDefecto, formatoCampo) 
VALUES(116, 8, 7, 'MEDIO DE PAGO', TRUE, 'NO REGISTRA', NULL);
INSERT INTO ProcesoImportacion.CampoPlantillaImportacion (id, idTipoCampoPlantilla, idPlantillaImportacion, nombre, obligatorio, valorDefecto, formatoCampo) 
VALUES(117, 2, 7, 'INDICE', FALSE, NULL, NULL);
INSERT INTO ProcesoImportacion.CampoPlantillaImportacion (id, idTipoCampoPlantilla, idPlantillaImportacion, nombre, obligatorio, valorDefecto, formatoCampo) 
VALUES(118, 1, 7, 'LINEA', FALSE, NULL, NULL);
INSERT INTO ProcesoImportacion.CampoPlantillaImportacion (id, idTipoCampoPlantilla, idPlantillaImportacion, nombre, obligatorio, valorDefecto, formatoCampo) 
VALUES(119, 1, 7, 'CODIGO ITEM', FALSE, NULL, NULL);
INSERT INTO ProcesoImportacion.CampoPlantillaImportacion (id, idTipoCampoPlantilla, idPlantillaImportacion, nombre, obligatorio, valorDefecto, formatoCampo) 
VALUES(120, 1, 7, 'REFERENCIA', FALSE, NULL, NULL);
INSERT INTO ProcesoImportacion.CampoPlantillaImportacion (id, idTipoCampoPlantilla, idPlantillaImportacion, nombre, obligatorio, valorDefecto, formatoCampo) 
VALUES(121, 1, 7, 'ITEM', TRUE, '', NULL);
INSERT INTO ProcesoImportacion.CampoPlantillaImportacion (id, idTipoCampoPlantilla, idPlantillaImportacion, nombre, obligatorio, valorDefecto, formatoCampo) 
VALUES(122, 3, 7, 'CANTIDAD', FALSE, NULL, 'n.nnn,dd');
INSERT INTO ProcesoImportacion.CampoPlantillaImportacion (id, idTipoCampoPlantilla, idPlantillaImportacion, nombre, obligatorio, valorDefecto, formatoCampo) 
VALUES(123, 1, 7, 'UNIDAD DE MEDIDA', FALSE, NULL, NULL);
INSERT INTO ProcesoImportacion.CampoPlantillaImportacion (id, idTipoCampoPlantilla, idPlantillaImportacion, nombre, obligatorio, valorDefecto, formatoCampo) 
VALUES(124, 4, 7, 'VALOR UNITARIO', FALSE, NULL, '$ n.nnn,dd');
INSERT INTO ProcesoImportacion.CampoPlantillaImportacion (id, idTipoCampoPlantilla, idPlantillaImportacion, nombre, obligatorio, valorDefecto, formatoCampo) 
VALUES(125, 4, 7, 'SUB TOTAL ITEM', TRUE, '$ 0,00', '$ n.nnn,dd');
INSERT INTO ProcesoImportacion.CampoPlantillaImportacion (id, idTipoCampoPlantilla, idPlantillaImportacion, nombre, obligatorio, valorDefecto, formatoCampo) 
VALUES(126, 4, 7, 'IMPUESTO ITEM', FALSE, NULL, '$ n.nnn,dd');
INSERT INTO ProcesoImportacion.CampoPlantillaImportacion (id, idTipoCampoPlantilla, idPlantillaImportacion, nombre, obligatorio, valorDefecto, formatoCampo) 
VALUES(127, 4, 7, 'TOTAL ITEM', FALSE, NULL, '$ n.nnn,dd');
INSERT INTO ProcesoImportacion.CampoPlantillaImportacion (id, idTipoCampoPlantilla, idPlantillaImportacion, nombre, obligatorio, valorDefecto, formatoCampo) 
VALUES(130, 4, 7, 'PAGO CLIENTE IMP', FALSE, NULL, '$ n.nnn,dd');
INSERT INTO ProcesoImportacion.CampoPlantillaImportacion (id, idTipoCampoPlantilla, idPlantillaImportacion, nombre, obligatorio, valorDefecto, formatoCampo) 
VALUES(131, 4, 7, 'PAGO CLIENTE TOTAL', FALSE, NULL, '$ n.nnn,dd');




INSERT INTO ProcesoImportacion.valoraceptadocampoplantilla(id, idcampoplantillaimportacion, valor, enum) VALUES(36,116,'NO REGISTRA','1');
INSERT INTO ProcesoImportacion.valoraceptadocampoplantilla(id, idcampoplantillaimportacion, valor, enum) VALUES(37,116,'TARJETA','2');
INSERT INTO ProcesoImportacion.valoraceptadocampoplantilla(id, idcampoplantillaimportacion, valor, enum) VALUES(38,116,'EFECTIVO','3');
INSERT INTO ProcesoImportacion.valoraceptadocampoplantilla(id, idcampoplantillaimportacion, valor, enum) VALUES(39,116,'CREDITO','4');
INSERT INTO ProcesoImportacion.valoraceptadocampoplantilla(id, idcampoplantillaimportacion, valor, enum) VALUES(40,116,'MIXTO','1');
INSERT INTO ProcesoImportacion.valoraceptadocampoplantilla(id, idcampoplantillaimportacion, valor, enum) VALUES(41,116,'CORTESIA','5');





INSERT INTO ProcesoImportacion.PlantillaImportacion(id, nombre, enum) VALUES(8,'Facturación Detallada Día Total Consumo', 'FacturaDetalleDiaTotalConsumo');

INSERT INTO ProcesoImportacion.CampoPlantillaImportacion (id, idTipoCampoPlantilla, idPlantillaImportacion, nombre, obligatorio, valorDefecto, formatoCampo) 
VALUES(134, 5, 8, 'FECHA FACTURA', TRUE, NULL, 'Y-m-d');
INSERT INTO ProcesoImportacion.CampoPlantillaImportacion (id, idTipoCampoPlantilla, idPlantillaImportacion, nombre, obligatorio, valorDefecto, formatoCampo) 
VALUES(135, 6, 8, 'HORA FACTURA', FALSE, '00:00:00', 'H:i:s');
INSERT INTO ProcesoImportacion.CampoPlantillaImportacion (id, idTipoCampoPlantilla, idPlantillaImportacion, nombre, obligatorio, valorDefecto, formatoCampo) 
VALUES(136, 2, 8, 'NUMERO FACTURA', FALSE, NULL, NULL);
INSERT INTO ProcesoImportacion.CampoPlantillaImportacion (id, idTipoCampoPlantilla, idPlantillaImportacion, nombre, obligatorio, valorDefecto, formatoCampo) 
VALUES(137, 4, 8, 'SUB TOTAL', FALSE, '0', '$ n.nnn,dd');
INSERT INTO ProcesoImportacion.CampoPlantillaImportacion (id, idTipoCampoPlantilla, idPlantillaImportacion, nombre, obligatorio, valorDefecto, formatoCampo) 
VALUES(138, 4, 8, 'IMPUESTO', FALSE, '0', '$ n.nnn,dd');
INSERT INTO ProcesoImportacion.CampoPlantillaImportacion (id, idTipoCampoPlantilla, idPlantillaImportacion, nombre, obligatorio, valorDefecto, formatoCampo) 
VALUES(139, 4, 8, 'TOTAL', FALSE, '0', '$ n.nnn,dd');
INSERT INTO ProcesoImportacion.CampoPlantillaImportacion (id, idTipoCampoPlantilla, idPlantillaImportacion, nombre, obligatorio, valorDefecto, formatoCampo) 
VALUES(140, 1, 8, 'NOTA FACTURA', FALSE, '', NULL);
INSERT INTO ProcesoImportacion.CampoPlantillaImportacion (id, idTipoCampoPlantilla, idPlantillaImportacion, nombre, obligatorio, valorDefecto, formatoCampo) 
VALUES(141, 1, 8, 'DOCUMENTO CLIENTE', FALSE, NULL, NULL);
INSERT INTO ProcesoImportacion.CampoPlantillaImportacion (id, idTipoCampoPlantilla, idPlantillaImportacion, nombre, obligatorio, valorDefecto, formatoCampo) 
VALUES(142, 1, 8, 'NOMBRE CLIENTE', FALSE, NULL, NULL);
INSERT INTO ProcesoImportacion.CampoPlantillaImportacion (id, idTipoCampoPlantilla, idPlantillaImportacion, nombre, obligatorio, valorDefecto, formatoCampo) 
VALUES(143, 9, 8, 'EMAIL CLIENTE', FALSE, NULL, NULL);
INSERT INTO ProcesoImportacion.CampoPlantillaImportacion (id, idTipoCampoPlantilla, idPlantillaImportacion, nombre, obligatorio, valorDefecto, formatoCampo) 
VALUES(144, 1, 8, 'TELEFONO CLIENTE', FALSE, NULL, NULL);
INSERT INTO ProcesoImportacion.CampoPlantillaImportacion (id, idTipoCampoPlantilla, idPlantillaImportacion, nombre, obligatorio, valorDefecto, formatoCampo) 
VALUES(145, 4, 8, 'PAGO CLIENTE', TRUE, NULL, '$ n.nnn,dd');
INSERT INTO ProcesoImportacion.CampoPlantillaImportacion (id, idTipoCampoPlantilla, idPlantillaImportacion, nombre, obligatorio, valorDefecto, formatoCampo) 
VALUES(146, 8, 8, 'MEDIO DE PAGO', TRUE, 'NO REGISTRA', NULL);
INSERT INTO ProcesoImportacion.CampoPlantillaImportacion (id, idTipoCampoPlantilla, idPlantillaImportacion, nombre, obligatorio, valorDefecto, formatoCampo) 
VALUES(147, 2, 8, 'INDICE', FALSE, NULL, NULL);
INSERT INTO ProcesoImportacion.CampoPlantillaImportacion (id, idTipoCampoPlantilla, idPlantillaImportacion, nombre, obligatorio, valorDefecto, formatoCampo) 
VALUES(148, 1, 8, 'LINEA', FALSE, NULL, NULL);
INSERT INTO ProcesoImportacion.CampoPlantillaImportacion (id, idTipoCampoPlantilla, idPlantillaImportacion, nombre, obligatorio, valorDefecto, formatoCampo) 
VALUES(149, 1, 8, 'CODIGO ITEM', FALSE, NULL, NULL);
INSERT INTO ProcesoImportacion.CampoPlantillaImportacion (id, idTipoCampoPlantilla, idPlantillaImportacion, nombre, obligatorio, valorDefecto, formatoCampo) 
VALUES(150, 1, 8, 'REFERENCIA', FALSE, NULL, NULL);
INSERT INTO ProcesoImportacion.CampoPlantillaImportacion (id, idTipoCampoPlantilla, idPlantillaImportacion, nombre, obligatorio, valorDefecto, formatoCampo) 
VALUES(151, 1, 8, 'ITEM', TRUE, '', NULL);
INSERT INTO ProcesoImportacion.CampoPlantillaImportacion (id, idTipoCampoPlantilla, idPlantillaImportacion, nombre, obligatorio, valorDefecto, formatoCampo) 
VALUES(152, 3, 8, 'CANTIDAD', FALSE, NULL, 'n.nnn,dd');
INSERT INTO ProcesoImportacion.CampoPlantillaImportacion (id, idTipoCampoPlantilla, idPlantillaImportacion, nombre, obligatorio, valorDefecto, formatoCampo) 
VALUES(153, 1, 8, 'UNIDAD DE MEDIDA', FALSE, NULL, NULL);
INSERT INTO ProcesoImportacion.CampoPlantillaImportacion (id, idTipoCampoPlantilla, idPlantillaImportacion, nombre, obligatorio, valorDefecto, formatoCampo) 
VALUES(154, 4, 8, 'VALOR UNITARIO', FALSE, NULL, '$ n.nnn,dd');
INSERT INTO ProcesoImportacion.CampoPlantillaImportacion (id, idTipoCampoPlantilla, idPlantillaImportacion, nombre, obligatorio, valorDefecto, formatoCampo) 
VALUES(155, 4, 8, 'SUB TOTAL ITEM', TRUE, '$ 0,00', '$ n.nnn,dd');
INSERT INTO ProcesoImportacion.CampoPlantillaImportacion (id, idTipoCampoPlantilla, idPlantillaImportacion, nombre, obligatorio, valorDefecto, formatoCampo) 
VALUES(156, 4, 8, 'IMPUESTO ITEM', FALSE, NULL, '$ n.nnn,dd');
INSERT INTO ProcesoImportacion.CampoPlantillaImportacion (id, idTipoCampoPlantilla, idPlantillaImportacion, nombre, obligatorio, valorDefecto, formatoCampo) 
VALUES(157, 4, 8, 'TOTAL ITEM', FALSE, NULL, '$ n.nnn,dd');
INSERT INTO ProcesoImportacion.CampoPlantillaImportacion (id, idTipoCampoPlantilla, idPlantillaImportacion, nombre, obligatorio, valorDefecto, formatoCampo) 
VALUES(160, 4, 8, 'PAGO CLIENTE IMP', FALSE, NULL, '$ n.nnn,dd');
INSERT INTO ProcesoImportacion.CampoPlantillaImportacion (id, idTipoCampoPlantilla, idPlantillaImportacion, nombre, obligatorio, valorDefecto, formatoCampo) 
VALUES(161, 4, 8, 'PAGO CLIENTE TOTAL', FALSE, NULL, '$ n.nnn,dd');

INSERT INTO ProcesoImportacion.valoraceptadocampoplantilla(id, idcampoplantillaimportacion, valor, enum) VALUES(46,146,'NO REGISTRA','1');
INSERT INTO ProcesoImportacion.valoraceptadocampoplantilla(id, idcampoplantillaimportacion, valor, enum) VALUES(47,146,'TARJETA','2');
INSERT INTO ProcesoImportacion.valoraceptadocampoplantilla(id, idcampoplantillaimportacion, valor, enum) VALUES(48,146,'EFECTIVO','3');
INSERT INTO ProcesoImportacion.valoraceptadocampoplantilla(id, idcampoplantillaimportacion, valor, enum) VALUES(49,146,'CREDITO','4');
INSERT INTO ProcesoImportacion.valoraceptadocampoplantilla(id, idcampoplantillaimportacion, valor, enum) VALUES(50,146,'MIXTO','1');
INSERT INTO ProcesoImportacion.valoraceptadocampoplantilla(id, idcampoplantillaimportacion, valor, enum) VALUES(51,146,'CORTESIA','5');